 = -5*f - 532, -4*b - 5*f + 0*f + o = 0. Suppose -66 = -5*k + 79. What is the highest common factor of k and b?
29
Let y be (-2)/(-61) + (-615696)/(-12322). What is the highest common factor of y and 6050?
50
Let k = -30 - -57. Calculate the greatest common divisor of 729 and k.
27
Suppose -2*r = 2*i - 12 - 4, -5*r = -i - 40. Suppose j - 1 = -0, -r = -2*p - 2*j. Suppose -1114 + 322 = -p*d. Calculate the highest common divisor of d and 33.
33
Suppose -63*r + 2986 = 1852. Let t be -2 + 2 + 10 - 2. Let s = t - 5. Calculate the highest common factor of r and s.
3
Let i be 79/7 + 910/1274. Calculate the highest common divisor of i and 96.
12
Suppose 5*x - 3*i - 690 = 0, x - 200 + 66 = i. Let z = -21 - -30. Calculate the highest common factor of x and z.
9
Let h = 81 - 46. Let f = 134 - 129. Suppose 3*r + 2*q - 529 = 0, -f*r - 3*q + 881 = -0*q. What is the greatest common factor of r and h?
35
Let d(y) = -21*y - 185. Let s be d(-16). Suppose -g - 4*l = -s, g = 6*l - 4*l + 181. Calculate the greatest common factor of g and 114.
57
Suppose h - 4 = -4*d - d, 2*h - 22 = -3*d. Let q(c) = 133*c - 227. Let v be q(-8). Let t = v + 1473. Calculate the greatest common divisor of t and h.
14
Suppose -2*m + 734 = 2*g, 0 = m + 5*g - 568 + 185. What is the greatest common divisor of 88 and m?
11
Suppose -9588 = -4*r - 5*v, -3*v - 8198 = -5*r + 3787. Calculate the greatest common factor of 153 and r.
51
Suppose -4257 - 597 = -6*k. Let h = -797 + k. What is the highest common factor of 282 and h?
6
Let k be ((-380)/(-6))/(((-14)/15)/(-7)). Let j = k - 461. Calculate the greatest common divisor of 10 and j.
2
Suppose 5*i - 430 = -5*r, -4*i = -5*i + 4*r + 101. Suppose -5*v = -i - 41. Let q = v - 6. Calculate the highest common factor of 10 and q.
10
Let l = -3094 - -7090. Calculate the greatest common divisor of 108 and l.
108
Suppose 5*k + f + 1 = 0, -k + f = -4*f - 5. Suppose 22*c - 42*c + 100 = k. Calculate the highest common divisor of 135 and c.
5
Let f(b) = -4*b - 86. Let o be f(-22). Let y be -1 + 4/o - -11. What is the greatest common divisor of 300 and y?
12
Let y be ((-189)/36)/(24/(-256)). Let w = 46 + -32. What is the highest common factor of w and y?
14
Let x(f) be the second derivative of 5*f**3/6 - 11*f**2 - 82*f. Suppose 2*g = 7*g - 30. Let m be x(g). Calculate the highest common divisor of 8 and m.
8
Suppose 4*p - 45 = -17. Let c(r) = p*r**3 + r + r + 5*r**3 - 7*r**2 - 11*r**3 + 13. Let l be c(7). What is the greatest common divisor of l and 3?
3
Let m(p) = 5*p**2 + 27*p - 10. Let s = -300 - -290. Let o be m(s). What is the greatest common factor of 80 and o?
20
Let u be ((-101)/((-10100)/480))/((-4)/(-10)). Calculate the greatest common factor of u and 2022.
6
Let v(c) = 53*c - 54. Let o(j) = -52*j + 54. Let d(s) = -6*o(s) - 5*v(s). Let g be d(7). What is the greatest common factor of 11 and g?
11
Let h = 52310 - 49077. Calculate the greatest common divisor of h and 1325.
53
Let m be (-10)/(-4)*68/85. Suppose 90 = 17*q - m*q. Calculate the highest common factor of q and 30.
6
Let d = 136189 - 136186. Let x(y) = -5 + 2 - 3 - 7*y - y**2. Let r be x(-4). Calculate the greatest common divisor of r and d.
3
Let q be -1 + 2 + -2 - 41/(-41). Suppose 5*t - 346 - 329 = q. Calculate the greatest common divisor of 108 and t.
27
Let o be 0 + -151 + 0 + 0. Let n = -16165 + 16049. Let g = n - o. What is the greatest common divisor of g and 14?
7
Let h(k) = 145*k**2 - 4*k - 2. Let r be h(-1). Suppose 4*q = 47 - r. Let j be 2 - q/((-1)/(-1)). Calculate the greatest common factor of j and 297.
27
Let j = 11 + -20. Let i(a) = a**3 - 51*a**2 + 97*a + 56. Let q be i(49). Let l = q - j. Calculate the highest common divisor of l and 32.
16
Suppose 4*z - 50 = 3*z - 14. Calculate the highest common divisor of z and 2916.
36
Let b = -28160 + 28176. Calculate the highest common divisor of b and 7656.
8
Let i(b) = -b**2 + 11*b. Suppose -2*u + 7 + 15 = 0. Let p be i(u). Suppose 3*c + 3 - 24 = p. What is the highest common divisor of c and 7?
7
Let z = 4376 + -3926. Calculate the greatest common divisor of 180 and z.
90
Let z be 339/(4176/4122 - (-2)/(-2)). What is the greatest common divisor of z and 226?
113
Suppose -p = -m + 139, 59*p + 520 = 4*m + 64*p. Calculate the highest common divisor of 305 and m.
5
Let u be (-17 - 3)/(1/(-6)). Let i be (-5)/(-2) - (-3)/6. Suppose 2*z = -3*y + i*z + 41, 0 = 5*y + 5*z - 95. Calculate the highest common divisor of y and u.
15
Let o = 2676 + -1461. What is the highest common factor of 90 and o?
45
Let l = 10964 - 10152. Calculate the highest common divisor of 928 and l.
116
Let r = 15676 - 15647. Calculate the greatest common divisor of 2059 and r.
29
Let k = 4053 + -4041. What is the highest common divisor of 11604 and k?
12
Let s be (-5 - 0)/((-3)/69). Let y = -100 + s. What is the highest common factor of 9 and y?
3
Suppose -5*d + 60 + 80 = 0. Let j = 565 + -411. What is the highest common divisor of j and d?
14
Let q be ((-5)/(50/12))/((-4)/10). Suppose -r + 13 = -z, -6*r + 48 = -2*r - q*z. What is the greatest common divisor of 72 and r?
9
Suppose 4*z + 8 = 0, 3*z = 4*r + z - 652. Let y = 113 + r. Calculate the greatest common divisor of y and 55.
55
Let c = -1876 - -2640. Let j = 1274 - c. Let v be (j/(-50))/(1/(-25)). Calculate the greatest common factor of v and 51.
51
Suppose 26*y - 25*y + 3*u - 17699 = 0, 0 = -2*y - 4*u + 35396. What is the greatest common divisor of 64 and y?
32
Let u(r) = 2*r**2 + r + 2. Let x be u(0). Let k(b) = 3*b - 8. Let g be k(4). Let c be 2/g*(0 - -16). What is the greatest common factor of x and c?
2
Let l be 43/(-40 + 38 + 1*(-10)/(-4)). Calculate the greatest common factor of l and 5762.
86
Let l = -67 + 115. Let c(g) = -7*g + 7. Let u(m) = 29*m - 28. Let s(x) = 9*c(x) + 2*u(x). Let d be s(-5). Calculate the greatest common divisor of l and d.
16
Let q be (-6 + 8 - 8 - -22) + 1. Calculate the greatest common factor of 26231 and q.
17
Let k be (-2 - -2)*1 - -5. Suppose 4*j - k*h = 104, 4*h - 3*h = -5*j + 130. What is the highest common factor of 338 and j?
26
Suppose 4*t = -4*o + 176, o + 18*t = 23*t + 20. Suppose -j + 3*s + 136 = o, 5*s = -25. Calculate the greatest common divisor of j and 54.
27
Let b(w) = -8*w - 6. Let g be b(-7). Suppose -4*f = -2*d - 118, f = 4*d - 17 + g. What is the highest common divisor of f and 1?
1
Let b(k) = -k**3 - 9*k**2 - 15*k + 3. Let p be b(-5). Let r be (-4)/1 - (p + 4). What is the highest common divisor of r and 56?
14
Let g(z) = z**3 - 15*z**2 - z + 20. Let d be g(15). Let i = 26 - 20. Suppose 3*q - i*q + 15 = 0. What is the highest common factor of d and q?
5
Suppose -11*v - 56 + 155 = 0. Suppose 0 = 2*u, -2*l - v + 141 = 3*u. What is the greatest common factor of l and 264?
66
Let z = 99373 - 42292. What is the highest common factor of z and 159?
159
Suppose 15*v - 296*v = -18*v - 2431698. What is the highest common divisor of v and 67?
67
Let o = -46 + 62. Let k(f) = 54*f + 202. Let j be k(-3). Calculate the highest common factor of o and j.
8
Let d be (0 - (4 - 60)/4) + (-80 - -74). Calculate the greatest common factor of d and 4808.
8
Suppose -89*p + 11113 = -7310. What is the greatest common divisor of p and 598?
23
Suppose -21 - 135 = -13*b. Suppose -3*m = -i - 0*m + b, -4*i = 2*m - 118. What is the greatest common factor of 513 and i?
27
Let h(f) = f**3 - 65*f**2 - 352*f + 175. Let y be h(70). What is the greatest common factor of 21 and y?
7
Let k(a) be the first derivative of a**4/4 - 3*a**3 + 3*a**2/2 - 18*a + 69. Let s be k(9). Calculate the greatest common factor of s and 18.
9
Let z be (-1054)/(-22) + (-49)/(-539). What is the greatest common factor of z and 728?
8
Suppose 0 = -3*v + 28 + 17. Suppose -2*u + 10 = 0, -3*h - u = 2*h - v. Calculate the highest common factor of h and 14.
2
Let q = -2 + -4. Let k(f) = f**3 + 8*f**2 + 8*f. Let h be k(q). Suppose 438*j + 67812 = 69126. What is the greatest common factor of h and j?
3
Suppose -2*a + w = -58, -w - 71 - 15 = -3*a. What is the greatest common factor of a and 1582?
14
Let f be ((-14)/(-35))/(2/(-80))*7514/(-8). Calculate the highest common divisor of 13 and f.
13
Let r(o) = 15*o - 3. Let l be (14 + -9)*(-3)/9*-3. Let f be r(l). What is the greatest common divisor of 60 and f?
12
Suppose 18 